 the greatest common factor of v and 2.
2
Suppose 8*m - 4*m - 16 = 0. Suppose -3*q - m*o = -57, -3*q = 2*q - 5*o - 60. What is the greatest common factor of q and 6?
3
Let m = -143 + 143. Suppose m = 4*z + 3*w - 52, 0*w = w - 4. Calculate the highest common divisor of z and 25.
5
Let n(d) = 64*d + 10. Let j be n(4). Calculate the highest common divisor of j and 14.
14
Suppose -3*h + 23 = 2*j - 42, -5*h + 63 = 2*j. Suppose -35*y + j*y = -48. What is the greatest common factor of 64 and y?
16
Suppose -n = o - 732, -15*o + 3620 = -10*o - 5*n. Calculate the highest common factor of 91 and o.
91
Let h = 56 - 32. Let b(y) = -y**3 - 8*y**2 + 11*y + 15. Let t be b(-9). Let n be 56/(-12)*-13 - (-2)/t. Calculate the greatest common divisor of n and h.
12
Suppose -5*x = -0*x + 50. Let n = -6 - x. Let m = n + 12. What is the greatest common factor of 112 and m?
16
Let p = 62 + -11. Suppose -n = 2*d - 16, 10*d - p = -3*n + 5*d. Suppose 0 = -15*f + 327 + 168. What is the highest common divisor of n and f?
11
Let f be (-110)/(-3) + (-2)/3. Suppose -3*z + 3*p = -15, -7*p = -z - 5*p + 7. Suppose -f = -z*a - 9. What is the highest common divisor of 72 and a?
9
Suppose -2*o = -0*o - 12. Suppose o*k - 144 = 2*k. Suppose 0*l - 24 = -2*l. What is the highest common divisor of l and k?
12
Suppose u + 43 = 4*i, -4*i + 46 = 4*u - 6*u. Suppose -i*q + 14*q - 128 = 0. Calculate the greatest common factor of q and 4.
4
Let l(u) = u + 4*u - 59 + 17 + 4*u. Let r be l(13). Calculate the greatest common factor of r and 30.
15
Let b(t) = -t**2 - 5 - t + 1 - 12. Let u be b(0). Let w be (u/(-6))/(20/150). Calculate the highest common factor of 5 and w.
5
Let o be 1/4 + (1775/(-20))/(-5). Suppose -21*c + 21 = -o*c. What is the highest common divisor of 21 and c?
7
Suppose 9 = -3*p + 30. Let a be (-3332)/(-170)*(-10)/(-4). What is the greatest common divisor of p and a?
7
Suppose -106*w = -9*w - 19206. Calculate the highest common divisor of 54 and w.
18
Let z(x) = -3*x - 10. Let j be z(-4). Let g be ((-5)/((-25)/160))/j. What is the greatest common factor of g and 1?
1
Let v be ((-6)/(-9))/((-4)/(-42)). Suppose -2*d - v = g - 43, 4*d = -3*g + 68. Suppose -138*i + 148*i = 100. Calculate the highest common factor of d and i.
10
Suppose -325*y + 12996 = -319*y. What is the greatest common divisor of y and 114?
114
Suppose -4*f = -4*y + 964, -y - 5*f - 479 = -3*y. What is the greatest common divisor of 110 and y?
22
Let i(z) = -z**3 + 22*z**2 - 31*z + 240. Let f be i(21). What is the greatest common divisor of f and 50?
10
Let g(t) be the third derivative of -t**4/24 - t**3/2 + t**2. Let u be g(-6). Let b be 159/4 - u/(-12). Calculate the greatest common divisor of 8 and b.
8
Let w(o) = o**3 + 9*o**2 + 3*o. Let k be w(-9). Let f = 69 + k. Suppose f = 3*i - 57. What is the highest common factor of i and 3?
3
Let q(v) = 5*v**2 + 13*v - 36. Let u be q(-8). Calculate the highest common divisor of u and 40.
20
Let q be -3*(1 + 7/(-3)). Suppose -q*a = -9*a - 25. Let n = 16 + a. Calculate the highest common factor of 99 and n.
11
Let i be 42/63 - 346/(-3). Let m be (i/(-35) - 8/28)*-60. Suppose 2*p - n - 49 = 0, -4*n - 30 = -p - 2. Calculate the highest common divisor of m and p.
24
Let c(t) = 7*t - 22. Let o be c(6). Let u be ((-4)/(-10))/(4/o) - -1. What is the greatest common divisor of u and 12?
3
Suppose 2*c = j - 52, 5*c - 208 = 8*j - 12*j. What is the highest common divisor of j and 832?
52
Let m = -735 + 746. Calculate the greatest common factor of 1529 and m.
11
Let q(l) = -12*l. Let s be q(-3). Let o = s + -3. Let j(u) = -5*u + 171. Let n be j(32). Calculate the highest common divisor of n and o.
11
Let g = 471 + -21. What is the greatest common divisor of g and 250?
50
Let p be (-9)/(-7) + (-2)/7. Let w(g) be the first derivative of 49*g**2/2 - g + 15. Let f be w(p). Calculate the greatest common divisor of f and 6.
6
Suppose -7*t - 2*k + 68 = -3*t, 0 = 2*k - 4. Suppose t = -26*y + 94. Let b(r) = r + 6. Let d be b(0). What is the greatest common divisor of d and y?
3
Let l(t) be the first derivative of -t**3/3 - 4*t**2 + 8*t - 26. Let i be l(-8). Calculate the greatest common factor of 8 and i.
8
Let q = 6 + -8. Let f(y) = y + 4. Let s be f(q). Let a(x) = -x**3 + 57*x**2 - 160*x - 90. Let g be a(54). What is the greatest common divisor of s and g?
2
Let d be (3/(-6))/((-17)/340). What is the highest common divisor of 35 and d?
5
Suppose -4*f - 1706 = -102. Let o = -32 - f. What is the highest common divisor of 41 and o?
41
Let r = 2387 + -1982. What is the greatest common divisor of 18 and r?
9
Let f(g) = -3*g - 61. Let j be f(-25). What is the greatest common factor of 518 and j?
14
Let k(h) = h - 2. Let m be k(2). Let z(s) = s - 60. Let r be z(m). Let i be r*4*(-2)/5. Calculate the greatest common divisor of 12 and i.
12
Let h(y) = -4*y**3 - 4*y**2 - 5*y - 22. Let d be h(-4). Let f = d + -118. Calculate the highest common factor of 18 and f.
18
Let i(g) = -49*g - 4. Let b be i(-1). Calculate the highest common divisor of b and 54.
9
Suppose f - 5*i = 6*f + 20, 3*f - i = 4. Suppose -2*o + 8 = -8. Suppose f = -q + 12 + o. Calculate the greatest common factor of 60 and q.
20
Let i = -1902 + 1915. Calculate the greatest common factor of 715 and i.
13
Let p be 1809/18*(-6 - 40/(-3)). Calculate the highest common factor of 11 and p.
11
Suppose 0 = 372*r - 378*r + 288. Let t(s) = 1. Let q(i) = i + 1. Let y(l) = 5*q(l) - 4*t(l). Let w be y(1). Calculate the highest common divisor of r and w.
6
Suppose -2*b - 2*u + 74 = 8, 2*u - 4 = 0. Suppose 3*j - j = 4, -j = -3*d + 43. Let m = b - d. Calculate the highest common divisor of m and 2.
2
Suppose -7*p + 11*p - 512 = 0. Let i = -73 + p. What is the greatest common divisor of i and 22?
11
Let u be 2 + -2 + -3 + (-6)/6. Let b(a) = a + 16. Let f be b(u). Calculate the highest common divisor of 18 and f.
6
Suppose 0*b - 5*b = 0. Let m be 1*(-2)/6*b. Suppose m = -y + 21. What is the highest common factor of 3 and y?
3
Suppose -4*g = -9*g + 5*w + 325, 0 = 4*g + 2*w - 254. What is the highest common factor of g and 40?
8
Suppose -5*g - 29 = 46. Let j be ((-9)/g)/(2/90). Let q be 2/(16/(-18))*-4. What is the greatest common factor of q and j?
9
Let i(t) = 72*t**2 - t + 1. Suppose -y + 8*v = 4*v + 3, -4*v = 3*y - 7. Let o be i(y). What is the highest common factor of 18 and o?
18
Let h(f) = 3*f**3 + 2*f + 1. Let q be h(-1). Let d = 1 - q. Suppose -70 = -5*j - d*n + 235, -n + 5 = 0. What is the greatest common factor of j and 7?
7
Suppose -6 + 150 = 2*c. Suppose -2*p = 3*p - 3*u - 96, 5*u = -2*p + 26. What is the greatest common factor of p and c?
18
Suppose 9*s + 546 = 16*s. What is the greatest common divisor of s and 6?
6
Let y(u) = -2*u + 11. Let i be y(6). Let v = i - -19. What is the greatest common factor of 18 and v?
18
Let i = 18 - 5. Calculate the highest common divisor of 104 and i.
13
Let t = 513 + -457. Calculate the greatest common divisor of t and 616.
56
Let k(i) be the second derivative of i**5/20 + 13*i**4/12 + 5*i**3/3 - 15*i**2/2 + 21*i. Let z be k(-11). What is the highest common factor of z and 9?
9
Let d be 1 - 2 - (-114)/2. Let s be d/6 + (-4)/(-6). Let n be (15/((-150)/(-20)))/(2/40). Calculate the highest common divisor of s and n.
10
Let m = -47 - 30. Let b = 88 + m. What is the greatest common factor of b and 176?
11
Suppose 16*f - 11941 - 10619 = 0. What is the greatest common divisor of 47 and f?
47
Let r(l) = -l**3 - 25*l**2 + 23*l - 4. Let b be r(-26). Calculate the highest common divisor of 185 and b.
37
Let v(p) = 10*p - 1. Let h be v(-7). Let z = h + 131. Suppose 0*y + y = 4*m - z, -y - 4 = 0. Calculate the highest common factor of m and 70.
14
Let o be 87/4 + (-6)/(-24). Suppose -g - g = -o. Calculate the highest common divisor of 77 and g.
11
Let n = 37 + -36. Calculate the highest common factor of n and 5.
1
Suppose -75 = -4*k + 5*g - 0*g, 3*k - 36 = -3*g. Let b = -41 - -44. What is the highest common factor of k and b?
3
Let g be (17 - 0/(-1))*(7 + 2). Calculate the highest common factor of 18 and g.
9
Let h(q) = -2*q - 19. Let p be h(-8). Let a be ((-228)/18)/(1/p). Let t = a - 14. What is the greatest common divisor of 36 and t?
12
Let r(u) = u**3 - 4*u**2 - 40*u + 91. Let h be r(9). What is the greatest